6, 1405*v - 1408*v = 4*h - 3558. What is the greatest common divisor of 12 and h?
12
Suppose -26*n + 4*n + 260 = 4*n. What is the highest common divisor of n and 27370?
10
Let r = -1029 - -2798. Suppose -16*q + 1879 = -r. What is the highest common divisor of 38 and q?
38
Let s(u) = -32*u - 228. Let m be s(-9). Calculate the highest common factor of 120 and m.
60
Suppose 0 = -46*f - 38*f + 18144. What is the greatest common factor of f and 456?
24
Suppose -b + 2*b + 4*s = 972, -4*b + s = -3888. Let z be (2/6)/(36/b). Let o = -11 + 38. What is the highest common divisor of o and z?
9
Let s(v) = 12*v**2 + 3*v - 2. Let b be s(2). Let l = 816 + -556. Calculate the highest common divisor of b and l.
52
Suppose 0 = -48*n - 29*n + 37345. What is the highest common factor of 97 and n?
97
Let i(n) = -82*n - 17. Let t be i(1). Let u be (-858)/t + (-2)/3. Let r(f) = 15*f + 2. Let g be r(2). What is the highest common factor of g and u?
8
Suppose -u = -2*s + 31, -57 = -3*s + 7*u - 2*u. Suppose 12355 = 292*z - 14217. Calculate the greatest common factor of z and s.
7
Suppose 0 = 30*w - 31*w + 1. Let o be -1*(3 - 7) - w. What is the highest common divisor of 2 and o?
1
Suppose 6*r - 122 = 5*r - 2*j, 0 = -2*r - 5*j + 247. Suppose -m = -r - 192. Calculate the greatest common factor of 44 and m.
44
Let y be (-4)/((-40)/110) - (-5)/(-1). Calculate the highest common factor of y and 10974.
6
Let v = 31 - 29. Suppose -2*t = -3*l - 439, -3*t + 8*t - 1078 = l. Let n = 225 - t. What is the highest common divisor of v and n?
2
Let c(v) = v**2 + 12*v + 22. Let l be c(-13). Suppose -14*b + l = -7*b. What is the greatest common factor of 1 and b?
1
Let g(m) = -m**2 - 12*m - 14. Let a be g(-10). Let h be (-20 - (-940)/70)/(4/(-84)). What is the highest common factor of a and h?
6
Suppose 0*o + 67*o - 30485 = 0. Calculate the highest common divisor of 5 and o.
5
Let d be 64/(9 - (-87)/(-9)). Let r be ((-6048)/d)/((-5)/(-2) - 2). Let v(h) = -15*h - 1. Let j be v(-1). Calculate the greatest common factor of j and r.
14
Let s be 105/(-33) - (-4)/22 - -159. Let u = -98 + s. Suppose -3*o - 127 = -2*l + 44, -5*l = 5*o - 440. Calculate the highest common factor of u and l.
29
Let s be (8/(-5))/(8/(-40)). Let w be (0 - -1) + (-4)/(s/2). Let u(q) = 2*q**2 - q + 30. Let m be u(w). Calculate the greatest common factor of 20 and m.
10
Let h be (-4)/(-1*(-2)/(-146)). Suppose -6*l = -116 - 322. What is the greatest common divisor of h and l?
73
Let y(t) = 0 + 9*t + 39 - 7*t + 24 + 12*t. Let r be y(-4). What is the highest common divisor of r and 133?
7
Let i(b) = -8*b**3 - 77*b**2 + 20*b - 44. Let z be i(-10). What is the highest common factor of z and 14728?
56
Let n be 3340 + -3 + 28/(-7). Suppose -n = -1406*w + 1403*w. Calculate the greatest common factor of 101 and w.
101
Suppose -3*l + 40239 = 3*v, 0 = 9*v - 10*v + 5*l + 13365. What is the greatest common divisor of v and 105?
35
Suppose -5491 = 372*w - 391*w. Calculate the greatest common divisor of 238 and w.
17
Suppose 23 - 11 = -4*v. Let c be 156/20 + v/(-15). What is the highest common divisor of c and 64?
8
Let v = 42 + -24. Suppose 3*y + c = 32, -y - 4*c = -0*y - v. Let d be ((-126)/(-45))/(4/y). What is the highest common factor of 28 and d?
7
Let t be 6/4*-8*(-179438)/84. What is the greatest common divisor of t and 14?
14
Let u(y) = 3*y**2 - 6*y + 126. Let m be u(-36). Calculate the greatest common divisor of m and 2.
2
Let b be 26/(-169) + 6130/13*17. What is the greatest common factor of b and 48?
48
Let b be (-70)/(-8) + 1*(-9)/12. Let o be (0 - 2/3)*(-168)/16. Suppose -10*y + o*y = -18. What is the highest common factor of b and y?
2
Let b(q) = 356*q - 41. Let p be b(5). What is the highest common factor of p and 148?
37
Suppose c - 3*n = 26, c = -c + n + 47. Suppose 0 = 5179*z - 5165*z - 2898. Calculate the highest common factor of z and c.
23
Suppose -398*d - 30 = -3*q - 400*d, -5*d + 6 = -4*q. Let l(a) = a**2 + 24. Let m be l(0). Calculate the highest common divisor of m and q.
6
Let m be -5 - (-78 - (9 - 4)). Suppose 11*c - 309 = -m. Calculate the highest common factor of c and 21.
21
Suppose -32 = -5*a + 4*z, -z + 7 - 29 = -3*a. Suppose -4*o = 4*m - 32, -5*m - 2 = a. Let u = o + -8. What is the greatest common factor of u and 1?
1
Let l(q) = -q**3 - 3*q**2 + 21*q - 375. Let z be l(-10). Calculate the greatest common divisor of 28865 and z.
115
Let d(s) = 6*s + 2. Let y be d(8). Suppose -95 = 35*c - 38*c + v, 5*v - 65 = -3*c. What is the greatest common divisor of c and y?
10
Let g be (11 - -9) + (-23 - (-9 - 8)). Let j be 1*(-8)/(-2)*-1. Let z be ((-6)/j)/((-3)/(-4)). Calculate the highest common divisor of z and g.
2
Let n(o) = 4*o - 26. Let p be n(8). Let r be 1923/15 + p/(-30). What is the highest common factor of 448 and r?
64
Let z(m) = 4*m + 84. Let k be z(-10). Calculate the greatest common divisor of k and 16.
4
Let n(q) be the first derivative of 47*q**2/2 + 6*q - 3. Let d be n(6). Let l = 37624 + -37588. What is the highest common factor of l and d?
36
Suppose s + 2 = 4*v, 7*s + 5*v = 4*s + 45. Let w(j) = -14 - s*j + 8 + 1 + 7. Let o be w(-1). Calculate the highest common divisor of 18 and o.
6
Let j = 7515 + -7362. What is the greatest common divisor of 11169 and j?
153
Let g(y) be the third derivative of y**5/60 - y**4/8 + 121*y**3/3 + 176*y**2. Let t be g(0). What is the greatest common factor of t and 44?
22
Let y = 230 + -174. Suppose 27*i + x = 24*i + 191, -5*x - 69 = -i. What is the highest common factor of i and y?
8
Suppose 3*a = -2*v + 3 + 8, -v = 3*a - 13. Let c(s) = 72*s**2 - 5*s - 11. Let y be c(v). Calculate the highest common factor of 41 and y.
41
Let l be 81 - -44 - (8 + -3). What is the highest common factor of l and 1740?
60
Let w be (-14 - 1)/(-5) - 817. Let x = -550 - w. Suppose -n = 3*n - x. What is the greatest common divisor of 6 and n?
6
Let w(d) = 4*d**3 + 125*d**2 - 102*d - 96. Let j be w(-32). What is the highest common divisor of j and 8416?
32
Let f(j) = 3*j**3 - 32*j**2 - 26*j + 236. Let z be f(11). What is the highest common factor of z and 7739?
71
Suppose 3*r - 3063 = 7*s - 4*s, -4*r + 4102 = 5*s. Suppose -1020*p + r*p = 45. Calculate the greatest common factor of 70 and p.
5
Let h be (-34)/5 - (-8)/(-40). Let k(v) = -v**2 - 15*v - 34. Let a be k(h). What is the highest common factor of a and 121?
11
Suppose 419 = 3*u + 4*g, -206 = -2*u + 6081*g - 6077*g. Suppose 599 = 3*a - n, 5*a + n = -2*n + 1003. Calculate the highest common factor of u and a.
25
Suppose 0*j = 13*j - 676. Suppose j = 9*n - 29. Suppose n*y + 48 = 13*y. What is the greatest common divisor of 9 and y?
3
Let s be (-4016)/(-1) + 2178/242. Calculate the greatest common divisor of s and 483.
161
Let c be (-1*1)/((-1)/7). Let b be ((-512145)/(-6669) - (-2)/3) + 30/(-65). What is the greatest common factor of c and b?
7
Let h = -3080 - -3092. Calculate the highest common divisor of h and 2094.
6
Suppose -2 = -2*n - 4*k, 25 = -2*n - n + k. Let d be n + 492 + (-45)/(-9). Calculate the greatest common factor of d and 70.
70
Let u(f) = 312*f + 1908. Let y be u(-5). What is the highest common divisor of y and 841?
29
Suppose 16*d - 22*d = -28*d + 792. Calculate the greatest common divisor of 1164 and d.
12
Suppose -1 = -s + 5*m, 17 = 2*s - 4*m - 9. Suppose 14 = 2*z + 4. Suppose -h = z*h - 42. Calculate the highest common factor of h and s.
7
Let q = -94 - -221. Let n = -117 + q. Let i be ((-12)/n - (-2 + 2))*-10. Calculate the highest common factor of 96 and i.
12
Let k(y) = -2*y**3 + 61*y**2 + 30*y + 73. Let b be k(31). Let o = 1 + 13. What is the highest common divisor of o and b?
14
Suppose -49*h = -5697 - 20763. Calculate the highest common factor of h and 120.
60
Let i = -1222 + 1572. What is the greatest common factor of 200 and i?
50
Let y be -3 + -4 - -4 - -7. Suppose 5*d = 5*n + 20, 3*n - 3 = -6*d + y*d. Calculate the highest common factor of d and 15.
3
Suppose 0 = 2*t - 3*t + 9. Suppose 2046 = 50*j - 32154. What is the greatest common divisor of t and j?
9
Let w be 3/((-6)/14)*-45. Suppose 189 = 4*p - w. Let v be ((-63)/(-18))/((-1)/(-4)). Calculate the greatest common factor of p and v.
14
Suppose -4*b + 375 = -73. Let o = 55796 - 55782. What is the highest common divisor of o and b?
14
Let h = 